{"id":194,"date":"2014-12-13T21:10:11","date_gmt":"2014-12-13T21:10:11","guid":{"rendered":"http:\/\/localhost\/wp_kape\/?page_id=194"},"modified":"2015-01-03T19:19:26","modified_gmt":"2015-01-03T19:19:26","slug":"w-a-mozart-c-moll-messe","status":"publish","type":"page","link":"https:\/\/www.kammerchorpesterwitz.de\/?page_id=194","title":{"rendered":"W.A. Mozart c-Moll-Messe"},"content":{"rendered":"<h4>23. Dezember 2012, St. Jakobuskirche Pesterwitz<\/h4>\n<hr \/>\n<p style=\"text-align: justify;\"><img loading=\"lazy\" decoding=\"async\" class=\"alignleft size-full wp-image-196\" src=\"wp-content\/uploads\/2014\/12\/plakat_2012_12.jpg\" alt=\"\" width=\"365\" height=\"630\" srcset=\"https:\/\/www.kammerchorpesterwitz.de\/wp-content\/uploads\/2014\/12\/plakat_2012_12.jpg 365w, https:\/\/www.kammerchorpesterwitz.de\/wp-content\/uploads\/2014\/12\/plakat_2012_12-173x300.jpg 173w\" sizes=\"auto, (max-width: 365px) 100vw, 365px\" \/>Die c-Moll-Messe ist die erste und zugleich letzte Messe, die W.A. Mozart ohne Auftrag komponiert hat, und sie ist vielleicht gerade deshalb ein Meisterwerk! Der Komponist ist jungverm\u00e4hlt und lebt freischaffend in Wien und die Opernauftr\u00e4ge kommen. Wozu komponiert er dann ohne Auftrag eine Messe? In einem Brief an seinen Vater 1783 erw\u00e4hnt Mozart das Gel\u00f6bnis, dass er \u201eganz v\u00fcr sich in seinem Herzen\u201c ein Werk komponiert hat. Vermutlich hat er es f\u00fcr seine Frau Constanze getan, die dann wahrscheinlich auch die Urauff\u00fchrung singen sollte. Amadeus ehelichte Constanze ohne Einwilligung des Vaters, vielleicht wollte er mit dieser Komposition aber auch seinem Vater gefallen. Nun, die Messe blieb unvollendet, und dar\u00fcber werden immer noch ebenso viele Mutma\u00dfungen angestellt, wie \u00fcber die Motivation ihrer Entstehung&#8230;<br \/>\nMozart vereint in seiner \u201eGro\u00dfen Messe\u201c unerh\u00f6rt stilistische Freiheit mit gro\u00dfer Ausdruckstiefe. Hier verschmelzen auf gl\u00fccklichste Weise der Stil des Barock (er studierte zuvor die gro\u00dfen Werke Bachs und H\u00e4ndels) und der Klassik, aber auch geistlicher und weltlicher Stil zu einem Werk, das ganz Mozart, und nichts als Mozart ist. Der Komponist zeigt sich stark pers\u00f6nlich in der Auseinandersetzung mit dem weltumspannend verstandenen lateinischen Messetext und schuf so ein Werk, das seine \u00fcbrige Kirchenmusik \u00fcberragt wie ein Dom eine Stadtkirche.<br \/>\nWir freuen uns, wenn Sie sich am Vorabend der Heiligen Nacht aufmachen, um dieser \u201eg\u00f6ttlichen\u201c Musik zu lauschen. Mit den Dresdner Kapellsolisten und einem exzellenten Solistenquartett hat der Kammerchor starke Partner, um Ihnen bei aller Nachdenklichkeit des Werkes gl\u00fcckselige musikalische Momente zu bescheren&#8230;<\/p>\n","protected":false},"excerpt":{"rendered":"<p>23. Dezember 2012, St. Jakobuskirche Pesterwitz Die c-Moll-Messe ist die erste und zugleich letzte Messe, die W.A. Mozart ohne Auftrag komponiert hat, und sie ist vielleicht gerade deshalb ein Meisterwerk! Der Komponist ist jungverm\u00e4hlt und lebt freischaffend in Wien und&#8230; <a class=\"read-more-button\" href=\"https:\/\/www.kammerchorpesterwitz.de\/?page_id=194\">(MEHR LESEN)<\/a><\/p>\n","protected":false},"author":1,"featured_media":0,"parent":190,"menu_order":0,"comment_status":"closed","ping_status":"closed","template":"","meta":{"footnotes":""},"class_list":["post-194","page","type-page","status-publish","hentry"],"_links":{"self":[{"href":"https:\/\/www.kammerchorpesterwitz.de\/index.php?rest_route=\/wp\/v2\/pages\/194","targetHints":{"allow":["GET"]}}],"collection":[{"href":"https:\/\/www.kammerchorpesterwitz.de\/index.php?rest_route=\/wp\/v2\/pages"}],"about":[{"href":"https:\/\/www.kammerchorpesterwitz.de\/index.php?rest_route=\/wp\/v2\/types\/page"}],"author":[{"embeddable":true,"href":"https:\/\/www.kammerchorpesterwitz.de\/index.php?rest_route=\/wp\/v2\/users\/1"}],"replies":[{"embeddable":true,"href":"https:\/\/www.kammerchorpesterwitz.de\/index.php?rest_route=%2Fwp%2Fv2%2Fcomments&post=194"}],"version-history":[{"count":4,"href":"https:\/\/www.kammerchorpesterwitz.de\/index.php?rest_route=\/wp\/v2\/pages\/194\/revisions"}],"predecessor-version":[{"id":493,"href":"https:\/\/www.kammerchorpesterwitz.de\/index.php?rest_route=\/wp\/v2\/pages\/194\/revisions\/493"}],"up":[{"embeddable":true,"href":"https:\/\/www.kammerchorpesterwitz.de\/index.php?rest_route=\/wp\/v2\/pages\/190"}],"wp:attachment":[{"href":"https:\/\/www.kammerchorpesterwitz.de\/index.php?rest_route=%2Fwp%2Fv2%2Fmedia&parent=194"}],"curies":[{"name":"wp","href":"https:\/\/api.w.org\/{rel}","templated":true}]}}

<h4>23. Dezember 2012, St. Jakobuskirche Pesterwitz</h4>
<hr />
<p style="text-align: justify;"><img loading="lazy" decoding="async" class="alignleft size-full wp-image-196" src="wp-content/uploads/2014/12/plakat_2012_12.jpg" alt="" width="365" height="630" srcset="https://www.kammerchorpesterwitz.de/wp-content/uploads/2014/12/plakat_2012_12.jpg 365w, https://www.kammerchorpesterwitz.de/wp-content/uploads/2014/12/plakat_2012_12-173x300.jpg 173w" sizes="auto, (max-width: 365px) 100vw, 365px" />Die c-Moll-Messe ist die erste und zugleich letzte Messe, die W.A. Mozart ohne Auftrag komponiert hat, und sie ist vielleicht gerade deshalb ein Meisterwerk! Der Komponist ist jungvermählt und lebt freischaffend in Wien und die Opernaufträge kommen. Wozu komponiert er dann ohne Auftrag eine Messe? In einem Brief an seinen Vater 1783 erwähnt Mozart das Gelöbnis, dass er „ganz vür sich in seinem Herzen“ ein Werk komponiert hat. Vermutlich hat er es für seine Frau Constanze getan, die dann wahrscheinlich auch die Uraufführung singen sollte. Amadeus ehelichte Constanze ohne Einwilligung des Vaters, vielleicht wollte er mit dieser Komposition aber auch seinem Vater gefallen. Nun, die Messe blieb unvollendet, und darüber werden immer noch ebenso viele Mutmaßungen angestellt, wie über die Motivation ihrer Entstehung&#8230;<br />
Mozart vereint in seiner „Großen Messe“ unerhört stilistische Freiheit mit großer Ausdruckstiefe. Hier verschmelzen auf glücklichste Weise der Stil des Barock (er studierte zuvor die großen Werke Bachs und Händels) und der Klassik, aber auch geistlicher und weltlicher Stil zu einem Werk, das ganz Mozart, und nichts als Mozart ist. Der Komponist zeigt sich stark persönlich in der Auseinandersetzung mit dem weltumspannend verstandenen lateinischen Messetext und schuf so ein Werk, das seine übrige Kirchenmusik überragt wie ein Dom eine Stadtkirche.<br />
Wir freuen uns, wenn Sie sich am Vorabend der Heiligen Nacht aufmachen, um dieser „göttlichen“ Musik zu lauschen. Mit den Dresdner Kapellsolisten und einem exzellenten Solistenquartett hat der Kammerchor starke Partner, um Ihnen bei aller Nachdenklichkeit des Werkes glückselige musikalische Momente zu bescheren&#8230;</p>

<p>23. Dezember 2012, St. Jakobuskirche Pesterwitz Die c-Moll-Messe ist die erste und zugleich letzte Messe, die W.A. Mozart ohne Auftrag komponiert hat, und sie ist vielleicht gerade deshalb ein Meisterwerk! Der Komponist ist jungvermählt und lebt freischaffend in Wien und&#8230; <a class="read-more-button" href="https://www.kammerchorpesterwitz.de/?page_id=194">(MEHR LESEN)</a></p>
