{"id":505,"date":"2015-01-03T21:23:35","date_gmt":"2015-01-03T20:23:35","guid":{"rendered":"http:\/\/localhost\/wp_kape\/?page_id=505"},"modified":"2020-09-16T18:41:24","modified_gmt":"2020-09-16T16:41:24","slug":"rueckblick-2010","status":"publish","type":"page","link":"https:\/\/www.kammerchorpesterwitz.de\/?page_id=505","title":{"rendered":"R\u00fcckblick 2010"},"content":{"rendered":"\n<table id=\"tablepress-10\" class=\"tablepress tablepress-id-10\">\n<tbody class=\"row-striping\">\n<tr class=\"row-1\">\n\t<td class=\"column-1\"><strong>19. Dezember 2010, St. Jakobuskirche zu Pesterwitz<\/strong><br \/>\n<h6>Weihnachten im Norden<\/h6><br \/>\nWerke von P\u00e4rt, Nystedt, Grieg u.a.<br \/>\nKammerchor Pesterwitz<\/td>\n<\/tr>\n<tr class=\"row-2\">\n\t<td class=\"column-1\"><strong>2. Oktober 2010, Loschwitzer Kirche<\/strong><br \/>\n<h6>Alte Ges\u00e4nge aus Island<\/h6><br \/>\nAlte isl\u00e4ndische Ges\u00e4nge sowie Werke von Jon Leifs, Porkell Sigurbj\u00f6rnsson und Jon Nordal<br \/>\nEnsemble <a href=\"http:\/\/http:\/\/www.sinus-vocal.de\/\" target=\"_blank\">sinus vocal<\/a> und Kammerchor Pesterwitz<\/td>\n<\/tr>\n<tr class=\"row-3\">\n\t<td class=\"column-1\"><strong>12. September 2010, Kreuzkirche Dresden<\/strong><br \/>\n<h6>Gottesdienst<\/h6><br \/>\nKammerchor Pesterwitz<\/td>\n<\/tr>\n<tr class=\"row-4\">\n\t<td class=\"column-1\"><strong>11. September 2010, Kreuzkirche Dresden<\/strong><br \/>\n<h6>Vesper<\/h6><br \/>\nAlte isl\u00e4ndische Ges\u00e4nge sowie Werke von Jon Leifs, Porkell Sigurbj\u00f6rnsson und Jon Nordal<br \/>\nEnsemble sinus vocal und Kammerchor Pesterwitz<\/td>\n<\/tr>\n<tr class=\"row-5\">\n\t<td class=\"column-1\"><strong>26. Juni 2010, Loschwitzer Kirche<\/strong><br \/>\n<h6>\"Ich hab die Nacht getr\u00e4umet...\"<\/h6><br \/>\nMusikalische Lesung mit Lars Jung zum Elbhangfest<br \/>\nRomantische und zeitgen\u00f6ssische Chorwerke sowie Volkslieder<\/td>\n<\/tr>\n<tr class=\"row-6\">\n\t<td class=\"column-1\"><strong>24. Mai 2010, Pfingstfestspiele auf Schloss Batzdorf<\/strong><br \/>\n<h6>\"Ich hab die Nacht getr\u00e4umet...\"<\/h6><br \/>\nmusikalische Lesung mit Lars Jung<br \/>\nRomantische und zeitgen\u00f6ssische Chorwerke und Volkslieder<\/td>\n<\/tr>\n<tr class=\"row-7\">\n\t<td class=\"column-1\"><strong>13. Mai 2010, Krypta der Peterskirche G\u00f6rlitz<\/strong><br \/>\n<h6>\"Ich hab die Nacht getr\u00e4umet...\"<\/h6><br \/>\nmusikalische Lesung mit Lars Jung<br \/>\nRomantische und zeitgen\u00f6ssische Chorwerke sowie Volkslieder<\/td>\n<\/tr>\n<tr class=\"row-8\">\n\t<td class=\"column-1\"><strong>2. April 2010, St. Jakobuskirche zu Pesterwitz<\/strong><br \/>\n<h6>Musik zur Sterbestunde Jesu<\/h6><br \/>\nWerke von Giovanni Pieluigi da Palestrina<\/td>\n<\/tr>\n<tr class=\"row-9\">\n\t<td class=\"column-1\"><strong>1. April 2010, Diakonissenhauskirche Dresden-Neustadt<\/strong><br \/>\n<h6>Gottesdienst zum Gr\u00fcndonnerstag<\/h6><br \/>\nWerke von Giovanni Pierluigi da Palestrina<\/td>\n<\/tr>\n<\/tbody>\n<\/table>\n<!-- #tablepress-10 from cache -->\n","protected":false},"excerpt":{"rendered":"","protected":false},"author":1,"featured_media":0,"parent":1680,"menu_order":7,"comment_status":"closed","ping_status":"closed","template":"","meta":{"footnotes":""},"class_list":["post-505","page","type-page","status-publish","hentry"],"_links":{"self":[{"href":"https:\/\/www.kammerchorpesterwitz.de\/index.php?rest_route=\/wp\/v2\/pages\/505","targetHints":{"allow":["GET"]}}],"collection":[{"href":"https:\/\/www.kammerchorpesterwitz.de\/index.php?rest_route=\/wp\/v2\/pages"}],"about":[{"href":"https:\/\/www.kammerchorpesterwitz.de\/index.php?rest_route=\/wp\/v2\/types\/page"}],"author":[{"embeddable":true,"href":"https:\/\/www.kammerchorpesterwitz.de\/index.php?rest_route=\/wp\/v2\/users\/1"}],"replies":[{"embeddable":true,"href":"https:\/\/www.kammerchorpesterwitz.de\/index.php?rest_route=%2Fwp%2Fv2%2Fcomments&post=505"}],"version-history":[{"count":2,"href":"https:\/\/www.kammerchorpesterwitz.de\/index.php?rest_route=\/wp\/v2\/pages\/505\/revisions"}],"predecessor-version":[{"id":510,"href":"https:\/\/www.kammerchorpesterwitz.de\/index.php?rest_route=\/wp\/v2\/pages\/505\/revisions\/510"}],"up":[{"embeddable":true,"href":"https:\/\/www.kammerchorpesterwitz.de\/index.php?rest_route=\/wp\/v2\/pages\/1680"}],"wp:attachment":[{"href":"https:\/\/www.kammerchorpesterwitz.de\/index.php?rest_route=%2Fwp%2Fv2%2Fmedia&parent=505"}],"curies":[{"name":"wp","href":"https:\/\/api.w.org\/{rel}","templated":true}]}}

Rückblick 2010

<table id="tablepress-10" class="tablepress tablepress-id-10">
<tbody class="row-striping">
<tr class="row-1">
	<td class="column-1"><strong>19. Dezember 2010, St. Jakobuskirche zu Pesterwitz</strong><br />
<h6>Weihnachten im Norden</h6><br />
Werke von Pärt, Nystedt, Grieg u.a.<br />
Kammerchor Pesterwitz</td>
</tr>
<tr class="row-2">
	<td class="column-1"><strong>2. Oktober 2010, Loschwitzer Kirche</strong><br />
<h6>Alte Gesänge aus Island</h6><br />
Alte isländische Gesänge sowie Werke von Jon Leifs, Porkell Sigurbjörnsson und Jon Nordal<br />
Ensemble <a href="http://http://www.sinus-vocal.de/" target="_blank">sinus vocal</a> und Kammerchor Pesterwitz</td>
</tr>
<tr class="row-3">
	<td class="column-1"><strong>12. September 2010, Kreuzkirche Dresden</strong><br />
<h6>Gottesdienst</h6><br />
Kammerchor Pesterwitz</td>
</tr>
<tr class="row-4">
	<td class="column-1"><strong>11. September 2010, Kreuzkirche Dresden</strong><br />
<h6>Vesper</h6><br />
Alte isländische Gesänge sowie Werke von Jon Leifs, Porkell Sigurbjörnsson und Jon Nordal<br />
Ensemble sinus vocal und Kammerchor Pesterwitz</td>
</tr>
<tr class="row-5">
	<td class="column-1"><strong>26. Juni 2010, Loschwitzer Kirche</strong><br />
<h6>"Ich hab die Nacht geträumet..."</h6><br />
Musikalische Lesung mit Lars Jung zum Elbhangfest<br />
Romantische und zeitgenössische Chorwerke sowie Volkslieder</td>
</tr>
<tr class="row-6">
	<td class="column-1"><strong>24. Mai 2010, Pfingstfestspiele auf Schloss Batzdorf</strong><br />
<h6>"Ich hab die Nacht geträumet..."</h6><br />
musikalische Lesung mit Lars Jung<br />
Romantische und zeitgenössische Chorwerke und Volkslieder</td>
</tr>
<tr class="row-7">
	<td class="column-1"><strong>13. Mai 2010, Krypta der Peterskirche Görlitz</strong><br />
<h6>"Ich hab die Nacht geträumet..."</h6><br />
musikalische Lesung mit Lars Jung<br />
Romantische und zeitgenössische Chorwerke sowie Volkslieder</td>
</tr>
<tr class="row-8">
	<td class="column-1"><strong>2. April 2010, St. Jakobuskirche zu Pesterwitz</strong><br />
<h6>Musik zur Sterbestunde Jesu</h6><br />
Werke von Giovanni Pieluigi da Palestrina</td>
</tr>
<tr class="row-9">
	<td class="column-1"><strong>1. April 2010, Diakonissenhauskirche Dresden-Neustadt</strong><br />
<h6>Gottesdienst zum Gründonnerstag</h6><br />
Werke von Giovanni Pierluigi da Palestrina</td>
</tr>
</tbody>
</table>
<!-- #tablepress-10 from cache -->
