{"id":53,"date":"2014-12-03T19:09:34","date_gmt":"2014-12-03T19:09:34","guid":{"rendered":"http:\/\/localhost\/wp_kape\/?page_id=53"},"modified":"2015-01-03T19:08:51","modified_gmt":"2015-01-03T19:08:51","slug":"der-kammerchor-pesterwitz","status":"publish","type":"page","link":"https:\/\/www.kammerchorpesterwitz.de\/?page_id=53","title":{"rendered":"\u00dcber den Chor"},"content":{"rendered":"<p><img loading=\"lazy\" decoding=\"async\" class=\"alignleft wp-image-54 size-full\" src=\"wp-content\/uploads\/2014\/12\/chor_mix01.jpg\" alt=\"Kammerchor Pesterwitz\" width=\"199\" height=\"847\" \/><\/p>\n<p style=\"text-align: justify;\">Als im Jahr 1998 der Versuch gestartet wurde, unter dem damaligen Pesterwitzer Kantor einen &#8222;Gesamt-Freitaler Jugendchor&#8220; zu gr\u00fcnden, h\u00e4tte keiner der S\u00e4nger geglaubt, dass aus dieser Idee einmal ein Kammerchor wachsen w\u00fcrde, der sich in der vielf\u00e4ltigen Dresdner Chorlandschaft einen festen Platz erobert. Doch bis dahin war es auch noch ein weiter Weg&#8230;<\/p>\n<p style=\"text-align: justify;\">Ein reichliches Jahr sp\u00e4ter n\u00e4mlich drohte sich der Chor in Ermangelung eines Leiters bereits wieder aufzul\u00f6sen. Also inserierten wir kurzerhand nach einem Dirigenten und lernten so Anne Horenburg kennen, die damals gerade ihr Chorleitungsstudium bei Prof. Hans Christoph Rademann begonnen hatte und unseren Chor schlie\u00dflich \u00fcbernahm.<br \/>\nDieser Wechsel sollte seine Spuren hinterlassen. Nach und nach entw\u00f6hnte uns Anne Horenburg von dem g\u00e4ngigen &#8222;Jugendchor-Repertoire&#8220;, das vor allem aus Taiz\u00e9-Liedern und Gospels bestand, und entfachte Begeisterung f\u00fcr die Musik des 17. bis 20. Jahrhunderts, die sich f\u00fcr unseren neubenannten &#8222;Jungen Kammerchor Pesterwitz&#8220; eher ziemte.<\/p>\n<p style=\"text-align: justify;\">Mit der Zeit sollten weitere \u00c4nderungen folgen: Da der ehemalige Jugendchor nun langsam erwachsener wurde, ergab es sich, dass manche Mitstreiter aus Arbeits- oder Studiengr\u00fcnden nun nicht mehr w\u00f6chentlich proben konnten. Also wurde ab 2002 projektweise an Probenwochenenden ge\u00fcbt. Manche S\u00e4nger verlie\u00dfen uns, andere kamen hinzu &#8211; der Chor wuchs. Schlie\u00dflich legte Anne Horenburg dann mit uns, &#8222;ihrem Chor&#8220;, ihr Vordiplom (2002) ab, und als wir ihr dann drei Jahre sp\u00e4ter in ihren Diplomkonzerten (2004 und 2005) zu einem &#8222;sehr gut&#8220; verhelfen konnten, machte uns dies freilich nicht wenig stolz. Viele andere Konzertprojekte mit Instrumentalisten und sehr guten Gesangssolisten folgten und auch die A-capella-Literatur pflegten wir weiterhin. Ein neues Kapitel Chorgeschichte wurde schlie\u00dflich mit der Beteiligung an den Faust-Inszenierungen des Dresdner Staatsschauspiels (2006-2009) unter der Regie des damaligen Intendanten Holk Freytags geschrieben. Diese chorintensive Zeit hat verbunden und Mut gemacht, sich neuen Herausforderungen zu stellen. Nun blicken wir auf fast 13 Jahre Chorgeschichte zur\u00fcck, haben in Zentren der Kirchenmusik (u.a. Kreuzkirche Dresden, Peterskirche G\u00f6rlitz) und mit namhaften Orchestern musiziert (Dresdner Kapellsolisten; Batzdorfer Hofkapelle) und sind trotzdem nicht m\u00fcde, gemeinsam immer wieder &#8222;neue&#8220; Musik zu entdecken&#8230;<\/p>\n<p style=\"text-align: justify;\">Kommen Sie doch einfach mal in eines unserer Konzerte&#8230; Wir freuen uns auf Sie!<\/p>\n","protected":false},"excerpt":{"rendered":"<p>Als im Jahr 1998 der Versuch gestartet wurde, unter dem damaligen Pesterwitzer Kantor einen &#8222;Gesamt-Freitaler Jugendchor&#8220; zu gr\u00fcnden, h\u00e4tte keiner der S\u00e4nger geglaubt, dass aus dieser Idee einmal ein Kammerchor wachsen w\u00fcrde, der sich in der vielf\u00e4ltigen Dresdner Chorlandschaft einen&#8230; <a class=\"read-more-button\" href=\"https:\/\/www.kammerchorpesterwitz.de\/?page_id=53\">(MEHR LESEN)<\/a><\/p>\n","protected":false},"author":1,"featured_media":0,"parent":0,"menu_order":0,"comment_status":"closed","ping_status":"closed","template":"","meta":{"footnotes":""},"class_list":["post-53","page","type-page","status-publish","hentry"],"_links":{"self":[{"href":"https:\/\/www.kammerchorpesterwitz.de\/index.php?rest_route=\/wp\/v2\/pages\/53","targetHints":{"allow":["GET"]}}],"collection":[{"href":"https:\/\/www.kammerchorpesterwitz.de\/index.php?rest_route=\/wp\/v2\/pages"}],"about":[{"href":"https:\/\/www.kammerchorpesterwitz.de\/index.php?rest_route=\/wp\/v2\/types\/page"}],"author":[{"embeddable":true,"href":"https:\/\/www.kammerchorpesterwitz.de\/index.php?rest_route=\/wp\/v2\/users\/1"}],"replies":[{"embeddable":true,"href":"https:\/\/www.kammerchorpesterwitz.de\/index.php?rest_route=%2Fwp%2Fv2%2Fcomments&post=53"}],"version-history":[{"count":6,"href":"https:\/\/www.kammerchorpesterwitz.de\/index.php?rest_route=\/wp\/v2\/pages\/53\/revisions"}],"predecessor-version":[{"id":484,"href":"https:\/\/www.kammerchorpesterwitz.de\/index.php?rest_route=\/wp\/v2\/pages\/53\/revisions\/484"}],"wp:attachment":[{"href":"https:\/\/www.kammerchorpesterwitz.de\/index.php?rest_route=%2Fwp%2Fv2%2Fmedia&parent=53"}],"curies":[{"name":"wp","href":"https:\/\/api.w.org\/{rel}","templated":true}]}}

Über den Chor

<p><img loading="lazy" decoding="async" class="alignleft wp-image-54 size-full" src="wp-content/uploads/2014/12/chor_mix01.jpg" alt="Kammerchor Pesterwitz" width="199" height="847" /></p>
<p style="text-align: justify;">Als im Jahr 1998 der Versuch gestartet wurde, unter dem damaligen Pesterwitzer Kantor einen &#8222;Gesamt-Freitaler Jugendchor&#8220; zu gründen, hätte keiner der Sänger geglaubt, dass aus dieser Idee einmal ein Kammerchor wachsen würde, der sich in der vielfältigen Dresdner Chorlandschaft einen festen Platz erobert. Doch bis dahin war es auch noch ein weiter Weg&#8230;</p>
<p style="text-align: justify;">Ein reichliches Jahr später nämlich drohte sich der Chor in Ermangelung eines Leiters bereits wieder aufzulösen. Also inserierten wir kurzerhand nach einem Dirigenten und lernten so Anne Horenburg kennen, die damals gerade ihr Chorleitungsstudium bei Prof. Hans Christoph Rademann begonnen hatte und unseren Chor schließlich übernahm.<br />
Dieser Wechsel sollte seine Spuren hinterlassen. Nach und nach entwöhnte uns Anne Horenburg von dem gängigen &#8222;Jugendchor-Repertoire&#8220;, das vor allem aus Taizé-Liedern und Gospels bestand, und entfachte Begeisterung für die Musik des 17. bis 20. Jahrhunderts, die sich für unseren neubenannten &#8222;Jungen Kammerchor Pesterwitz&#8220; eher ziemte.</p>
<p style="text-align: justify;">Mit der Zeit sollten weitere Änderungen folgen: Da der ehemalige Jugendchor nun langsam erwachsener wurde, ergab es sich, dass manche Mitstreiter aus Arbeits- oder Studiengründen nun nicht mehr wöchentlich proben konnten. Also wurde ab 2002 projektweise an Probenwochenenden geübt. Manche Sänger verließen uns, andere kamen hinzu &#8211; der Chor wuchs. Schließlich legte Anne Horenburg dann mit uns, &#8222;ihrem Chor&#8220;, ihr Vordiplom (2002) ab, und als wir ihr dann drei Jahre später in ihren Diplomkonzerten (2004 und 2005) zu einem &#8222;sehr gut&#8220; verhelfen konnten, machte uns dies freilich nicht wenig stolz. Viele andere Konzertprojekte mit Instrumentalisten und sehr guten Gesangssolisten folgten und auch die A-capella-Literatur pflegten wir weiterhin. Ein neues Kapitel Chorgeschichte wurde schließlich mit der Beteiligung an den Faust-Inszenierungen des Dresdner Staatsschauspiels (2006-2009) unter der Regie des damaligen Intendanten Holk Freytags geschrieben. Diese chorintensive Zeit hat verbunden und Mut gemacht, sich neuen Herausforderungen zu stellen. Nun blicken wir auf fast 13 Jahre Chorgeschichte zurück, haben in Zentren der Kirchenmusik (u.a. Kreuzkirche Dresden, Peterskirche Görlitz) und mit namhaften Orchestern musiziert (Dresdner Kapellsolisten; Batzdorfer Hofkapelle) und sind trotzdem nicht müde, gemeinsam immer wieder &#8222;neue&#8220; Musik zu entdecken&#8230;</p>
<p style="text-align: justify;">Kommen Sie doch einfach mal in eines unserer Konzerte&#8230; Wir freuen uns auf Sie!</p>

<p>Als im Jahr 1998 der Versuch gestartet wurde, unter dem damaligen Pesterwitzer Kantor einen &#8222;Gesamt-Freitaler Jugendchor&#8220; zu gründen, hätte keiner der Sänger geglaubt, dass aus dieser Idee einmal ein Kammerchor wachsen würde, der sich in der vielfältigen Dresdner Chorlandschaft einen&#8230; <a class="read-more-button" href="https://www.kammerchorpesterwitz.de/?page_id=53">(MEHR LESEN)</a></p>
