{"id":56,"date":"2014-12-03T19:12:44","date_gmt":"2014-12-03T19:12:44","guid":{"rendered":"http:\/\/localhost\/wp_kape\/?page_id=56"},"modified":"2016-01-08T18:16:18","modified_gmt":"2016-01-08T17:16:18","slug":"kurzvita","status":"publish","type":"page","link":"https:\/\/www.kammerchorpesterwitz.de\/?page_id=56","title":{"rendered":"Kurzvita"},"content":{"rendered":"<p><img loading=\"lazy\" decoding=\"async\" class=\"alignright wp-image-57 size-full\" src=\"wp-content\/uploads\/2014\/12\/chor_mix02.jpg\" alt=\"Probe zum Pesterwitzer Konzert, April 2011\" width=\"299\" height=\"799\" srcset=\"https:\/\/www.kammerchorpesterwitz.de\/wp-content\/uploads\/2014\/12\/chor_mix02.jpg 299w, https:\/\/www.kammerchorpesterwitz.de\/wp-content\/uploads\/2014\/12\/chor_mix02-112x300.jpg 112w\" sizes=\"auto, (max-width: 299px) 100vw, 299px\" \/><\/p>\n<p style=\"text-align: justify;\">Hervorgegangen aus einem Freitaler Jugend-chorprojekt gr\u00fcndete Anne Horenburg den Kammerchor Pesterwitz im Herbst 1999. Seitdem tritt das vor den Toren Dresdens in der St. Jakobuskirche zu Pesterwitz beheimatete Ensemble regelm\u00e4\u00dfig mit weniger gel\u00e4ufigem Oratorien- und Kantatenrepertoire aller Stilepochen sowie a-cappella- Programmen in Erscheinung. Seinen Platz in der reichen Dresdner Chorlandschaft hat sich der Kammerchor Pesterwitz auch durch seine Mitwirkung bei den Produktionen \u201eFaust. Der Trag\u00f6die erster und zweiter Teil.\u201c von 2006-2009 am Dresdner Staatsschauspiel unter der Regie des (damaligen) Intendanten Holk Freytag erobert.<\/br><br \/>\n2009 wurde die erste CD mit englischer Chormusik von Purcell, Britten, Mendelssohn und Stanford aufgenommen und im selben Jahr errang das Ensemble beim S\u00e4chsischen Chorwettbewerb mit dem Pr\u00e4dikat \u201eSehr gut\u201c den zweiten Preis.<\/br><br \/>\nDas Ensemble konzertiert im Rahmen der Vesper- und Striezelmarktmusiken regelm\u00e4\u00dfig in der Dresdner Kreuzkirche, war Gast bei den Pfingstfestspielen auf Schlo\u00df Batzdorf sowie beim Elbhangfest Dresden. \u00dcber gro\u00dfe positive Resonanz konnte sich der Kammerchor Pesterwitz 2014 bei einem Festkonzert mit Rundfunkausstrahlung zu Ehren Rudolf Mauersbergers freuen. 2015 gestaltete das Ensemble zudem seinen ersten Rundfunkgottesdienst f\u00fcr mdr-Figaro.<\/br><br \/>\nSeit 2012 wird der Kammerchor Pesterwtz j\u00e4hrlich zu Konzerten in die Dresdner Frauenkirche eingeladen und sang bereits mehrmals unter der Leitung von Ludwig G\u00fcttler. Eine musikalische Zusammenarbeit gab es au\u00dferdem mit der Batzdorfer Hofkapelle,  dem Dresdner Barockorchester und den Virtuosi Saxoniae. Eine besondere Verbindung besteht zu den Dresdner Kapellsolisten, mit denen das Ensemble  2015 ein Programm mit selten gespielten Werken baltischer Komponisten erarbeitet hat.<\/p>\n","protected":false},"excerpt":{"rendered":"<p>Hervorgegangen aus einem Freitaler Jugend-chorprojekt gr\u00fcndete Anne Horenburg den Kammerchor Pesterwitz im Herbst 1999. Seitdem tritt das vor den Toren Dresdens in der St. Jakobuskirche zu Pesterwitz beheimatete Ensemble regelm\u00e4\u00dfig mit weniger gel\u00e4ufigem Oratorien- und Kantatenrepertoire aller Stilepochen sowie a-cappella-&#8230; <a class=\"read-more-button\" href=\"https:\/\/www.kammerchorpesterwitz.de\/?page_id=56\">(MEHR LESEN)<\/a><\/p>\n","protected":false},"author":1,"featured_media":0,"parent":53,"menu_order":0,"comment_status":"closed","ping_status":"closed","template":"","meta":{"footnotes":""},"class_list":["post-56","page","type-page","status-publish","hentry"],"_links":{"self":[{"href":"https:\/\/www.kammerchorpesterwitz.de\/index.php?rest_route=\/wp\/v2\/pages\/56","targetHints":{"allow":["GET"]}}],"collection":[{"href":"https:\/\/www.kammerchorpesterwitz.de\/index.php?rest_route=\/wp\/v2\/pages"}],"about":[{"href":"https:\/\/www.kammerchorpesterwitz.de\/index.php?rest_route=\/wp\/v2\/types\/page"}],"author":[{"embeddable":true,"href":"https:\/\/www.kammerchorpesterwitz.de\/index.php?rest_route=\/wp\/v2\/users\/1"}],"replies":[{"embeddable":true,"href":"https:\/\/www.kammerchorpesterwitz.de\/index.php?rest_route=%2Fwp%2Fv2%2Fcomments&post=56"}],"version-history":[{"count":8,"href":"https:\/\/www.kammerchorpesterwitz.de\/index.php?rest_route=\/wp\/v2\/pages\/56\/revisions"}],"predecessor-version":[{"id":823,"href":"https:\/\/www.kammerchorpesterwitz.de\/index.php?rest_route=\/wp\/v2\/pages\/56\/revisions\/823"}],"up":[{"embeddable":true,"href":"https:\/\/www.kammerchorpesterwitz.de\/index.php?rest_route=\/wp\/v2\/pages\/53"}],"wp:attachment":[{"href":"https:\/\/www.kammerchorpesterwitz.de\/index.php?rest_route=%2Fwp%2Fv2%2Fmedia&parent=56"}],"curies":[{"name":"wp","href":"https:\/\/api.w.org\/{rel}","templated":true}]}}

<p><img loading="lazy" decoding="async" class="alignright wp-image-57 size-full" src="wp-content/uploads/2014/12/chor_mix02.jpg" alt="Probe zum Pesterwitzer Konzert, April 2011" width="299" height="799" srcset="https://www.kammerchorpesterwitz.de/wp-content/uploads/2014/12/chor_mix02.jpg 299w, https://www.kammerchorpesterwitz.de/wp-content/uploads/2014/12/chor_mix02-112x300.jpg 112w" sizes="auto, (max-width: 299px) 100vw, 299px" /></p>
<p style="text-align: justify;">Hervorgegangen aus einem Freitaler Jugend-chorprojekt gründete Anne Horenburg den Kammerchor Pesterwitz im Herbst 1999. Seitdem tritt das vor den Toren Dresdens in der St. Jakobuskirche zu Pesterwitz beheimatete Ensemble regelmäßig mit weniger geläufigem Oratorien- und Kantatenrepertoire aller Stilepochen sowie a-cappella- Programmen in Erscheinung. Seinen Platz in der reichen Dresdner Chorlandschaft hat sich der Kammerchor Pesterwitz auch durch seine Mitwirkung bei den Produktionen „Faust. Der Tragödie erster und zweiter Teil.“ von 2006-2009 am Dresdner Staatsschauspiel unter der Regie des (damaligen) Intendanten Holk Freytag erobert.</br><br />
2009 wurde die erste CD mit englischer Chormusik von Purcell, Britten, Mendelssohn und Stanford aufgenommen und im selben Jahr errang das Ensemble beim Sächsischen Chorwettbewerb mit dem Prädikat „Sehr gut“ den zweiten Preis.</br><br />
Das Ensemble konzertiert im Rahmen der Vesper- und Striezelmarktmusiken regelmäßig in der Dresdner Kreuzkirche, war Gast bei den Pfingstfestspielen auf Schloß Batzdorf sowie beim Elbhangfest Dresden. Über große positive Resonanz konnte sich der Kammerchor Pesterwitz 2014 bei einem Festkonzert mit Rundfunkausstrahlung zu Ehren Rudolf Mauersbergers freuen. 2015 gestaltete das Ensemble zudem seinen ersten Rundfunkgottesdienst für mdr-Figaro.</br><br />
Seit 2012 wird der Kammerchor Pesterwtz jährlich zu Konzerten in die Dresdner Frauenkirche eingeladen und sang bereits mehrmals unter der Leitung von Ludwig Güttler. Eine musikalische Zusammenarbeit gab es außerdem mit der Batzdorfer Hofkapelle,  dem Dresdner Barockorchester und den Virtuosi Saxoniae. Eine besondere Verbindung besteht zu den Dresdner Kapellsolisten, mit denen das Ensemble  2015 ein Programm mit selten gespielten Werken baltischer Komponisten erarbeitet hat.</p>

<p>Hervorgegangen aus einem Freitaler Jugend-chorprojekt gründete Anne Horenburg den Kammerchor Pesterwitz im Herbst 1999. Seitdem tritt das vor den Toren Dresdens in der St. Jakobuskirche zu Pesterwitz beheimatete Ensemble regelmäßig mit weniger geläufigem Oratorien- und Kantatenrepertoire aller Stilepochen sowie a-cappella-&#8230; <a class="read-more-button" href="https://www.kammerchorpesterwitz.de/?page_id=56">(MEHR LESEN)</a></p>
