{"id":67,"date":"2014-12-06T18:28:49","date_gmt":"2014-12-06T18:28:49","guid":{"rendered":"http:\/\/localhost\/wp_kape\/?page_id=67"},"modified":"2015-01-03T19:09:54","modified_gmt":"2015-01-03T19:09:54","slug":"kuenstlerische-leitung","status":"publish","type":"page","link":"https:\/\/www.kammerchorpesterwitz.de\/?page_id=67","title":{"rendered":"K\u00fcnstlerische Leitung"},"content":{"rendered":"<p style=\"text-align: justify;\"><img loading=\"lazy\" decoding=\"async\" class=\"alignleft wp-image-70 size-medium\" src=\"wp-content\/uploads\/2014\/12\/anne-300x225.jpg\" alt=\"Anne Horenburg\" width=\"300\" height=\"225\" srcset=\"https:\/\/www.kammerchorpesterwitz.de\/wp-content\/uploads\/2014\/12\/anne-300x225.jpg 300w, https:\/\/www.kammerchorpesterwitz.de\/wp-content\/uploads\/2014\/12\/anne.jpg 425w\" sizes=\"auto, (max-width: 300px) 100vw, 300px\" \/>Anne Horenburg erhielt erste musikalische Anregungen in ihrem Elternhaus. An den Musikschulen Neuruppin und Salzwedel nahm sie seit ihrem 7. Lebensjahr Geigen- und Klavierunterricht. Sie studierte Schulmusik und Germanistik (mit abschlie\u00dfendem Examen) und nahm 1998 ein Studium f\u00fcr Chorleitung und Korrepetition an der Hochschule f\u00fcr Musik \u201eCarl Maria von Weber\u201c bei Prof. Hans-Christoph Rademann auf, dass sie 2005 mit Konzerten des Kammerchores Pesterwitz und dem Pr\u00e4dikat \u201eSehr gut\u201c beendete. Als Chorleiterin und Korrepetitorin war sie schon w\u00e4hrend ihres Studiums bei verschiedenen Opernproduktionen an der Dresdner Musikhochschule, dem Heinrich- Sch\u00fctz- Konservatorium Dresden, dem Theater Meissen sowie dem Philharmonischen Kinderchor Dresden t\u00e4tig. Im Jahre 2003 ging sie einer Assistentent\u00e4tigkeit bei der Singakademie Dresden und 2005-2008 beim Universit\u00e4tschor Dresden e.V. nach. Erfahrungen konnte sie daneben auch beim \u201ePhilharmonischen Chor Dresden\u201c, dem \u201eDresdner Kammerchor\u201c und dem lettischen Chor \u201eDzine\u201c sammeln.<\/p>\n<p style=\"text-align: justify;\"><img loading=\"lazy\" decoding=\"async\" class=\"alignright size-full wp-image-74\" src=\"wp-content\/uploads\/2014\/12\/anne2.jpg\" alt=\"anne2\" width=\"234\" height=\"155\" \/>Mit dem Kammerchor Pesterwitz war es Anne Horenburg in den letzten Jahren m\u00f6glich, auch besondere Programmideen zu verwirklichen, so z.B. die Verquickung der Weihnachtshistorien von Heinrich Sch\u00fctz und Hugo Distler. In diesem Zusammenhang gab es eine Zusammenarbeit mit verschiedenen Instrumentalisten der Dresdner Musikszene, einem eigens f\u00fcr die Konzerte des Chores zusammengestellten Kammerorchester, bestehend aus Studenten und Absolventen der Hochschule f\u00fcr Musik Dresden, der Batzdorfer Hofkapelle sowie den Dresdner Kapellsolisten (Leitung: Helmut Branny).<\/p>\n<p style=\"text-align: justify;\">Anne Horenburg bekleidet das Kantorenamt in der St. Jakobusgemeinde Freital- Pesterwitz und ist k\u00fcnstlerische Leiterin der Pesterwitzer Konzerte. Daneben arbeitet sie freischaffend als Chorleiterin, Dirigentin und Musikp\u00e4dagogin. Seit 2005 ist sie freie Mitarbeiterin am Schauspielhaus Dresden, wo sie neben musikalischer Chorarbeit auch Sprechch\u00f6re einstudiert hat.<\/p>\n","protected":false},"excerpt":{"rendered":"<p>Anne Horenburg erhielt erste musikalische Anregungen in ihrem Elternhaus. An den Musikschulen Neuruppin und Salzwedel nahm sie seit ihrem 7. Lebensjahr Geigen- und Klavierunterricht. Sie studierte Schulmusik und Germanistik (mit abschlie\u00dfendem Examen) und nahm 1998 ein Studium f\u00fcr Chorleitung und&#8230; <a class=\"read-more-button\" href=\"https:\/\/www.kammerchorpesterwitz.de\/?page_id=67\">(MEHR LESEN)<\/a><\/p>\n","protected":false},"author":1,"featured_media":0,"parent":53,"menu_order":0,"comment_status":"closed","ping_status":"closed","template":"","meta":{"footnotes":""},"class_list":["post-67","page","type-page","status-publish","hentry"],"_links":{"self":[{"href":"https:\/\/www.kammerchorpesterwitz.de\/index.php?rest_route=\/wp\/v2\/pages\/67","targetHints":{"allow":["GET"]}}],"collection":[{"href":"https:\/\/www.kammerchorpesterwitz.de\/index.php?rest_route=\/wp\/v2\/pages"}],"about":[{"href":"https:\/\/www.kammerchorpesterwitz.de\/index.php?rest_route=\/wp\/v2\/types\/page"}],"author":[{"embeddable":true,"href":"https:\/\/www.kammerchorpesterwitz.de\/index.php?rest_route=\/wp\/v2\/users\/1"}],"replies":[{"embeddable":true,"href":"https:\/\/www.kammerchorpesterwitz.de\/index.php?rest_route=%2Fwp%2Fv2%2Fcomments&post=67"}],"version-history":[{"count":7,"href":"https:\/\/www.kammerchorpesterwitz.de\/index.php?rest_route=\/wp\/v2\/pages\/67\/revisions"}],"predecessor-version":[{"id":486,"href":"https:\/\/www.kammerchorpesterwitz.de\/index.php?rest_route=\/wp\/v2\/pages\/67\/revisions\/486"}],"up":[{"embeddable":true,"href":"https:\/\/www.kammerchorpesterwitz.de\/index.php?rest_route=\/wp\/v2\/pages\/53"}],"wp:attachment":[{"href":"https:\/\/www.kammerchorpesterwitz.de\/index.php?rest_route=%2Fwp%2Fv2%2Fmedia&parent=67"}],"curies":[{"name":"wp","href":"https:\/\/api.w.org\/{rel}","templated":true}]}}