{"id":707,"date":"2015-06-30T20:49:40","date_gmt":"2015-06-30T18:49:40","guid":{"rendered":"http:\/\/www.kammerchorpesterwitz.de\/?page_id=707"},"modified":"2016-03-25T14:06:23","modified_gmt":"2016-03-25T13:06:23","slug":"von-england-bis-baltikum","status":"publish","type":"page","link":"https:\/\/www.kammerchorpesterwitz.de\/?page_id=707","title":{"rendered":"Von England bis Baltikum"},"content":{"rendered":"<h4>27. September 2015, 17 Uhr, St. Jakobuskirche Pesterwitz<\/h4>\n<hr \/>\n<p><img loading=\"lazy\" decoding=\"async\" class=\"alignleft size-full wp-image-702\" src=\"http:\/\/www.kammerchorpesterwitz.de\/wp-content\/uploads\/2015\/06\/plakat_2015_09.jpg\" alt=\"Plakat\" width=\"350\" height=\"488\" srcset=\"https:\/\/www.kammerchorpesterwitz.de\/wp-content\/uploads\/2015\/06\/plakat_2015_09.jpg 350w, https:\/\/www.kammerchorpesterwitz.de\/wp-content\/uploads\/2015\/06\/plakat_2015_09-215x300.jpg 215w\" sizes=\"auto, (max-width: 350px) 100vw, 350px\" \/><\/p>\n<p style=\"text-align: justify;\">Liebe Freunde der Pesterwitzer Konzerte,<\/p>\n<p>Im Jahre 1977 schrieb der estnische Komponist Arvo P\u00e4rt das \u201eCantus in Memoriam Benjamin Britten\u201c f\u00fcr zehnstimmiges Streichorchester und Glocke &#8211; entstanden in gro\u00dfer Bewunderung f\u00fcr die Musik des 1976 verstorbenen englischen Komponisten. Dieses in seiner Klarheit und Ruhe beeindruckende Werk ist zugleich Zentrum und Ausgangspunkt des Programms.<br \/>\nDie Geschichte der englischen Chormusik ist mehr als 550 Jahre alt und in ihrer Kontinuit\u00e4t einzigartig in der Welt. Auch die baltische Chormusik hat eine lange Tradition und das chorische Singen wurde zudem Teil der Emanzipation der drei Republiken in den politischen Umw\u00e4lzungen am Ende des 20. Jahrhunderts.<br \/>\nDer Kammerchor Pesterwitz m\u00f6chte in diesem Konzert gemeinsam mit den Dresdner Kapellsolisten einen kleinen Einblick in das vielf\u00e4ltige Oeuvre englischer und baltischer Chormusik geben. Mit dem \u201eConcerto per voci e strumenti\u201c des Komponisten Lepo Sumera, einem Werk, das sich als Klangspiel aus W\u00f6rtern, Namen, estnischen und lateinischen Satzfragmenten sowie Imitationen des Vogelgesangs erweist, soll das Programm sp\u00e4tsommerlich und heiter ausklingen.<br \/>\nNach dem Konzert laden wir wie gewohnt noch zu einem Glas Pesterwitzer Wein ein. Wir freuen uns auf Sie!<\/p>\n<h6>Gef\u00f6rdert durch den Kulturraum Mei\u00dfen-S\u00e4chsische Schweiz-Osterzgebirge und die Stadt Freital<\/h6>\n","protected":false},"excerpt":{"rendered":"<p>27. September 2015, 17 Uhr, St. Jakobuskirche Pesterwitz Liebe Freunde der Pesterwitzer Konzerte, Im Jahre 1977 schrieb der estnische Komponist Arvo P\u00e4rt das \u201eCantus in Memoriam Benjamin Britten\u201c f\u00fcr zehnstimmiges Streichorchester und Glocke &#8211; entstanden in gro\u00dfer Bewunderung f\u00fcr die&#8230; <a class=\"read-more-button\" href=\"https:\/\/www.kammerchorpesterwitz.de\/?page_id=707\">(MEHR LESEN)<\/a><\/p>\n","protected":false},"author":1,"featured_media":0,"parent":887,"menu_order":0,"comment_status":"closed","ping_status":"closed","template":"","meta":{"footnotes":""},"class_list":["post-707","page","type-page","status-publish","hentry"],"_links":{"self":[{"href":"https:\/\/www.kammerchorpesterwitz.de\/index.php?rest_route=\/wp\/v2\/pages\/707","targetHints":{"allow":["GET"]}}],"collection":[{"href":"https:\/\/www.kammerchorpesterwitz.de\/index.php?rest_route=\/wp\/v2\/pages"}],"about":[{"href":"https:\/\/www.kammerchorpesterwitz.de\/index.php?rest_route=\/wp\/v2\/types\/page"}],"author":[{"embeddable":true,"href":"https:\/\/www.kammerchorpesterwitz.de\/index.php?rest_route=\/wp\/v2\/users\/1"}],"replies":[{"embeddable":true,"href":"https:\/\/www.kammerchorpesterwitz.de\/index.php?rest_route=%2Fwp%2Fv2%2Fcomments&post=707"}],"version-history":[{"count":6,"href":"https:\/\/www.kammerchorpesterwitz.de\/index.php?rest_route=\/wp\/v2\/pages\/707\/revisions"}],"predecessor-version":[{"id":747,"href":"https:\/\/www.kammerchorpesterwitz.de\/index.php?rest_route=\/wp\/v2\/pages\/707\/revisions\/747"}],"up":[{"embeddable":true,"href":"https:\/\/www.kammerchorpesterwitz.de\/index.php?rest_route=\/wp\/v2\/pages\/887"}],"wp:attachment":[{"href":"https:\/\/www.kammerchorpesterwitz.de\/index.php?rest_route=%2Fwp%2Fv2%2Fmedia&parent=707"}],"curies":[{"name":"wp","href":"https:\/\/api.w.org\/{rel}","templated":true}]}}

<h4>27. September 2015, 17 Uhr, St. Jakobuskirche Pesterwitz</h4>
<hr />
<p><img loading="lazy" decoding="async" class="alignleft size-full wp-image-702" src="http://www.kammerchorpesterwitz.de/wp-content/uploads/2015/06/plakat_2015_09.jpg" alt="Plakat" width="350" height="488" srcset="https://www.kammerchorpesterwitz.de/wp-content/uploads/2015/06/plakat_2015_09.jpg 350w, https://www.kammerchorpesterwitz.de/wp-content/uploads/2015/06/plakat_2015_09-215x300.jpg 215w" sizes="auto, (max-width: 350px) 100vw, 350px" /></p>
<p style="text-align: justify;">Liebe Freunde der Pesterwitzer Konzerte,</p>
<p>Im Jahre 1977 schrieb der estnische Komponist Arvo Pärt das „Cantus in Memoriam Benjamin Britten“ für zehnstimmiges Streichorchester und Glocke &#8211; entstanden in großer Bewunderung für die Musik des 1976 verstorbenen englischen Komponisten. Dieses in seiner Klarheit und Ruhe beeindruckende Werk ist zugleich Zentrum und Ausgangspunkt des Programms.<br />
Die Geschichte der englischen Chormusik ist mehr als 550 Jahre alt und in ihrer Kontinuität einzigartig in der Welt. Auch die baltische Chormusik hat eine lange Tradition und das chorische Singen wurde zudem Teil der Emanzipation der drei Republiken in den politischen Umwälzungen am Ende des 20. Jahrhunderts.<br />
Der Kammerchor Pesterwitz möchte in diesem Konzert gemeinsam mit den Dresdner Kapellsolisten einen kleinen Einblick in das vielfältige Oeuvre englischer und baltischer Chormusik geben. Mit dem „Concerto per voci e strumenti“ des Komponisten Lepo Sumera, einem Werk, das sich als Klangspiel aus Wörtern, Namen, estnischen und lateinischen Satzfragmenten sowie Imitationen des Vogelgesangs erweist, soll das Programm spätsommerlich und heiter ausklingen.<br />
Nach dem Konzert laden wir wie gewohnt noch zu einem Glas Pesterwitzer Wein ein. Wir freuen uns auf Sie!</p>
<h6>Gefördert durch den Kulturraum Meißen-Sächsische Schweiz-Osterzgebirge und die Stadt Freital</h6>

<p>27. September 2015, 17 Uhr, St. Jakobuskirche Pesterwitz Liebe Freunde der Pesterwitzer Konzerte, Im Jahre 1977 schrieb der estnische Komponist Arvo Pärt das „Cantus in Memoriam Benjamin Britten“ für zehnstimmiges Streichorchester und Glocke &#8211; entstanden in großer Bewunderung für die&#8230; <a class="read-more-button" href="https://www.kammerchorpesterwitz.de/?page_id=707">(MEHR LESEN)</a></p>
