{"id":76,"date":"2014-12-06T18:55:55","date_gmt":"2014-12-06T18:55:55","guid":{"rendered":"http:\/\/localhost\/wp_kape\/?page_id=76"},"modified":"2014-12-06T18:55:55","modified_gmt":"2014-12-06T18:55:55","slug":"saengerinnen-und-saenger","status":"publish","type":"page","link":"https:\/\/www.kammerchorpesterwitz.de\/?page_id=76","title":{"rendered":"S\u00e4ngerinnen und S\u00e4nger"},"content":{"rendered":"<p>Der Kammerchor Pesterwitz singt projektweise in wechselnden Besetzungen.<\/p>\n\n<table id=\"tablepress-2\" class=\"tablepress tablepress-id-2 tbody-has-connected-cells\">\n<tbody>\n<tr class=\"row-1\">\n\t<td class=\"column-1\">Sopran<\/td><td class=\"column-2\"><p style=\"text-align: justify\">Theresa Arnstadt, Yvonne Binnewerg, Sandra Czerny, Katharina Fischer, Caroline Gr\u00e4n, Susanne Hartlep, Sarah Hesse, Katharina Honecker, Gudula Keller, Friederike K\u00f6hler, Magdalena Reichenbach, Claudia Skaletzki, Ines Tietze, Mariana Timm, Judith Walther<\/p><\/td>\n<\/tr>\n<tr class=\"row-2\">\n\t<td class=\"column-1\">Alt<\/td><td class=\"column-2\"><p style=\"text-align: justify\">Marie-Luise Bender, Susanne Drechsel, Angelika Ernst, Anne-Katrin Hanke, Maria Hauptstock, Brigitte Heusel, Martha Horenburg, Katharina Iwanczik, Aileen P\u00f6nack, Friederike Richter, Ulrike Scherzer<\/p><\/td>\n<\/tr>\n<tr class=\"row-3\">\n\t<td colspan=\"2\" class=\"column-1\"><img loading=\"lazy\" decoding=\"async\" src=\"wp-content\/uploads\/2014\/12\/cdaufnahme_09_01f.jpg\" alt=\"\" width=\"598\" height=\"100\" class=\"alignright size-full wp-image-79\" srcset=\"https:\/\/www.kammerchorpesterwitz.de\/wp-content\/uploads\/2014\/12\/cdaufnahme_09_01f.jpg 598w, https:\/\/www.kammerchorpesterwitz.de\/wp-content\/uploads\/2014\/12\/cdaufnahme_09_01f-300x50.jpg 300w\" sizes=\"auto, (max-width: 598px) 100vw, 598px\" \/><\/td>\n<\/tr>\n<tr class=\"row-4\">\n\t<td class=\"column-1\">Tenor<\/td><td class=\"column-2\"><p style=\"text-align: justify\">Martin Fi\u00dfler, Friedemann J\u00e4ckel, Felix John, Oliver John, Martin Kr\u00fcger, Jan David Mentzel, Hans Richter, Johann Schiel, Daniel Zeitler<\/p><\/td>\n<\/tr>\n<tr class=\"row-5\">\n\t<td class=\"column-1\">Bass<\/td><td class=\"column-2\"><p style=\"text-align: justify\">Peter Athenstaedt, Thomas Fiedler, Martin Iwanczik, Martin Laasch, Robert M\u00fcller, Matthias Reichenbach, Markus Reypka, Martin Zitzmann<\/p><\/td>\n<\/tr>\n<tr class=\"row-6\">\n\t<td colspan=\"2\" class=\"column-1\"><img loading=\"lazy\" decoding=\"async\" src=\"wp-content\/uploads\/2014\/12\/cdaufnahme_09_01m.jpg\" alt=\"\" width=\"595\" height=\"100\" class=\"alignright size-full wp-image-82\" srcset=\"https:\/\/www.kammerchorpesterwitz.de\/wp-content\/uploads\/2014\/12\/cdaufnahme_09_01m.jpg 595w, https:\/\/www.kammerchorpesterwitz.de\/wp-content\/uploads\/2014\/12\/cdaufnahme_09_01m-300x50.jpg 300w\" sizes=\"auto, (max-width: 595px) 100vw, 595px\" \/><\/td>\n<\/tr>\n<\/tbody>\n<\/table>\n<!-- #tablepress-2 from cache -->\n","protected":false},"excerpt":{"rendered":"<p>Der Kammerchor Pesterwitz singt projektweise in wechselnden Besetzungen.<\/p>\n","protected":false},"author":1,"featured_media":0,"parent":53,"menu_order":0,"comment_status":"closed","ping_status":"closed","template":"","meta":{"footnotes":""},"class_list":["post-76","page","type-page","status-publish","hentry"],"_links":{"self":[{"href":"https:\/\/www.kammerchorpesterwitz.de\/index.php?rest_route=\/wp\/v2\/pages\/76","targetHints":{"allow":["GET"]}}],"collection":[{"href":"https:\/\/www.kammerchorpesterwitz.de\/index.php?rest_route=\/wp\/v2\/pages"}],"about":[{"href":"https:\/\/www.kammerchorpesterwitz.de\/index.php?rest_route=\/wp\/v2\/types\/page"}],"author":[{"embeddable":true,"href":"https:\/\/www.kammerchorpesterwitz.de\/index.php?rest_route=\/wp\/v2\/users\/1"}],"replies":[{"embeddable":true,"href":"https:\/\/www.kammerchorpesterwitz.de\/index.php?rest_route=%2Fwp%2Fv2%2Fcomments&post=76"}],"version-history":[{"count":2,"href":"https:\/\/www.kammerchorpesterwitz.de\/index.php?rest_route=\/wp\/v2\/pages\/76\/revisions"}],"predecessor-version":[{"id":84,"href":"https:\/\/www.kammerchorpesterwitz.de\/index.php?rest_route=\/wp\/v2\/pages\/76\/revisions\/84"}],"up":[{"embeddable":true,"href":"https:\/\/www.kammerchorpesterwitz.de\/index.php?rest_route=\/wp\/v2\/pages\/53"}],"wp:attachment":[{"href":"https:\/\/www.kammerchorpesterwitz.de\/index.php?rest_route=%2Fwp%2Fv2%2Fmedia&parent=76"}],"curies":[{"name":"wp","href":"https:\/\/api.w.org\/{rel}","templated":true}]}}

Sängerinnen und Sänger

<p>Der Kammerchor Pesterwitz singt projektweise in wechselnden Besetzungen.</p>

<table id="tablepress-2" class="tablepress tablepress-id-2 tbody-has-connected-cells">
<tbody>
<tr class="row-1">
	<td class="column-1">Sopran</td><td class="column-2"><p style="text-align: justify">Theresa Arnstadt, Yvonne Binnewerg, Sandra Czerny, Katharina Fischer, Caroline Grän, Susanne Hartlep, Sarah Hesse, Katharina Honecker, Gudula Keller, Friederike Köhler, Magdalena Reichenbach, Claudia Skaletzki, Ines Tietze, Mariana Timm, Judith Walther</p></td>
</tr>
<tr class="row-2">
	<td class="column-1">Alt</td><td class="column-2"><p style="text-align: justify">Marie-Luise Bender, Susanne Drechsel, Angelika Ernst, Anne-Katrin Hanke, Maria Hauptstock, Brigitte Heusel, Martha Horenburg, Katharina Iwanczik, Aileen Pönack, Friederike Richter, Ulrike Scherzer</p></td>
</tr>
<tr class="row-3">
	<td colspan="2" class="column-1"><img loading="lazy" decoding="async" src="wp-content/uploads/2014/12/cdaufnahme_09_01f.jpg" alt="" width="598" height="100" class="alignright size-full wp-image-79" srcset="https://www.kammerchorpesterwitz.de/wp-content/uploads/2014/12/cdaufnahme_09_01f.jpg 598w, https://www.kammerchorpesterwitz.de/wp-content/uploads/2014/12/cdaufnahme_09_01f-300x50.jpg 300w" sizes="auto, (max-width: 598px) 100vw, 598px" /></td>
</tr>
<tr class="row-4">
	<td class="column-1">Tenor</td><td class="column-2"><p style="text-align: justify">Martin Fißler, Friedemann Jäckel, Felix John, Oliver John, Martin Krüger, Jan David Mentzel, Hans Richter, Johann Schiel, Daniel Zeitler</p></td>
</tr>
<tr class="row-5">
	<td class="column-1">Bass</td><td class="column-2"><p style="text-align: justify">Peter Athenstaedt, Thomas Fiedler, Martin Iwanczik, Martin Laasch, Robert Müller, Matthias Reichenbach, Markus Reypka, Martin Zitzmann</p></td>
</tr>
<tr class="row-6">
	<td colspan="2" class="column-1"><img loading="lazy" decoding="async" src="wp-content/uploads/2014/12/cdaufnahme_09_01m.jpg" alt="" width="595" height="100" class="alignright size-full wp-image-82" srcset="https://www.kammerchorpesterwitz.de/wp-content/uploads/2014/12/cdaufnahme_09_01m.jpg 595w, https://www.kammerchorpesterwitz.de/wp-content/uploads/2014/12/cdaufnahme_09_01m-300x50.jpg 300w" sizes="auto, (max-width: 595px) 100vw, 595px" /></td>
</tr>
</tbody>
</table>
<!-- #tablepress-2 from cache -->
