{"id":958,"date":"2016-09-13T20:21:02","date_gmt":"2016-09-13T18:21:02","guid":{"rendered":"http:\/\/www.kammerchorpesterwitz.de\/?page_id=958"},"modified":"2016-09-13T20:21:02","modified_gmt":"2016-09-13T18:21:02","slug":"presse-2012","status":"publish","type":"page","link":"https:\/\/www.kammerchorpesterwitz.de\/?page_id=958","title":{"rendered":"Presse 2012"},"content":{"rendered":"<h4>Dresdner Neueste Nachrichten, 27.12.2012<\/h4>\n<h6>Noch einmal<\/h6>\n<p style=\"text-align: justify;\"><strong>Konzert des Kammerchores Pesterwitz und der Dresdner Kapellsolisten in der Jacobuskirche<\/strong><br \/>\nIrgendwie konnte man die gut h\u00f6rbare Bemerkung des kleinen M\u00e4dchens \u201enoch mal&#8230;&#8220; in die Stille nach der reich figurierten \u201eOsanna&#8220;-Fuge gut verstehen und sich dieser Meinung voll \u00dcberzeugung anschlie\u00dfen. Denn der Kammerchor Pesterwitz unter der Leitung von Anne Horenburg vollbrachte in seiner Auseinandersetzung mit Mozarts Messen-Torso in c-Moll (KV 427) eine wirklich gute Leistung, Dem Chor ist ein sch\u00f6ner, federnder Klang zu bescheinigen, sinnf\u00e4lliges, klangliches und dynamisches Differenzierungsverm\u00f6gen und Begeisterung f\u00fcr Mozart. Sicher &#8211; am Anfang st\u00f6rten die zur Sch\u00e4rfe neigenden Chorsoprane etwas. Das gab sich aber bald. Und so nahm in stimmlicher Homogenit\u00e4t und ordentlicher Intonation eine beeindruckende Mozart-Auff\u00fchrung ihren Lauf, wobei man dem in diesem Werk sehr pers\u00f6nliche Kompositionsstil Mozarts voll gerecht wurde &#8211; faszinierend die Klangpracht des Gloria, die pr\u00e4zisen Akzente im machtvollen \u201eQui tollis&#8220;, die auf den Punkt getroffene. ausdrucksstarke Fuge \u201eCum Sancto Spiritu&#8220;.<\/p>\n<p style=\"text-align: justify;\">Aus heutiger Sicht ungleich verteilte Mozart die Wichtung beim Soloquartett &#8211; beide Herren (Falk Hoffmann und Ingolf Seidel) haben nur kurze Eins\u00e4tze. Da aber bei der Urauff\u00fchrung 1783 in Salzburgs St. Peter Mozarts frisch angetraute Gattin Konstanze den Sopranpart sang. ist die \u201eBevorzugung&#8220; dieser Stimmlage in der Messe nachvollziehbar. Christina Roterberg tummelte sich souver\u00e4n in den Koloraturen des \u201eLaudamus te&#8220;. Wie immer erwies sich Jana Reiner als sichere, stimmliche und gestalterische Bank. Der sch\u00f6nste Moment der ganzen Auff\u00fchrung kam, als sie in trauter Harmonie mit den wundervollen Holzbl\u00e4sern der Dresdner Kapellsolisten (Kury, Krau\u00df, Schirlitz) innig und ber\u00fchrend das \u201eEt incarnatus est&#8220; sang.<\/p>\n<p style=\"text-align: justify;\">Die Dresdner Kapellsolisten fungierten als geschmeidig und feinsinnig agierende, orchestrale Partner &#8211; unverzichtbar im Gesamtkonzept der Wiedergabe. Und auch ihre so sensibel ausgeleuchtete, kontrastreiche Interpretation von Corellis Concerto grosso op. 6 Nr. 8, dem Weihnachtskonzert, was nat\u00fcrlich am 4. Advent nicht fehlen durfte, gab dem Konzert in Pesterwitz Glanz und Klangsch\u00f6nheit. (M. Hanns)<\/p>\n","protected":false},"excerpt":{"rendered":"<p>Dresdner Neueste Nachrichten, 27.12.2012 Noch einmal Konzert des Kammerchores Pesterwitz und der Dresdner Kapellsolisten in der Jacobuskirche Irgendwie konnte man die gut h\u00f6rbare Bemerkung des kleinen M\u00e4dchens \u201enoch mal&#8230;&#8220; in die Stille nach der reich figurierten \u201eOsanna&#8220;-Fuge gut verstehen und&#8230; <a class=\"read-more-button\" href=\"https:\/\/www.kammerchorpesterwitz.de\/?page_id=958\">(MEHR LESEN)<\/a><\/p>\n","protected":false},"author":1,"featured_media":0,"parent":215,"menu_order":0,"comment_status":"closed","ping_status":"closed","template":"","meta":{"footnotes":""},"class_list":["post-958","page","type-page","status-publish","hentry"],"_links":{"self":[{"href":"https:\/\/www.kammerchorpesterwitz.de\/index.php?rest_route=\/wp\/v2\/pages\/958","targetHints":{"allow":["GET"]}}],"collection":[{"href":"https:\/\/www.kammerchorpesterwitz.de\/index.php?rest_route=\/wp\/v2\/pages"}],"about":[{"href":"https:\/\/www.kammerchorpesterwitz.de\/index.php?rest_route=\/wp\/v2\/types\/page"}],"author":[{"embeddable":true,"href":"https:\/\/www.kammerchorpesterwitz.de\/index.php?rest_route=\/wp\/v2\/users\/1"}],"replies":[{"embeddable":true,"href":"https:\/\/www.kammerchorpesterwitz.de\/index.php?rest_route=%2Fwp%2Fv2%2Fcomments&post=958"}],"version-history":[{"count":2,"href":"https:\/\/www.kammerchorpesterwitz.de\/index.php?rest_route=\/wp\/v2\/pages\/958\/revisions"}],"predecessor-version":[{"id":960,"href":"https:\/\/www.kammerchorpesterwitz.de\/index.php?rest_route=\/wp\/v2\/pages\/958\/revisions\/960"}],"up":[{"embeddable":true,"href":"https:\/\/www.kammerchorpesterwitz.de\/index.php?rest_route=\/wp\/v2\/pages\/215"}],"wp:attachment":[{"href":"https:\/\/www.kammerchorpesterwitz.de\/index.php?rest_route=%2Fwp%2Fv2%2Fmedia&parent=958"}],"curies":[{"name":"wp","href":"https:\/\/api.w.org\/{rel}","templated":true}]}}

<h4>Dresdner Neueste Nachrichten, 27.12.2012</h4>
<h6>Noch einmal</h6>
<p style="text-align: justify;"><strong>Konzert des Kammerchores Pesterwitz und der Dresdner Kapellsolisten in der Jacobuskirche</strong><br />
Irgendwie konnte man die gut hörbare Bemerkung des kleinen Mädchens „noch mal&#8230;&#8220; in die Stille nach der reich figurierten „Osanna&#8220;-Fuge gut verstehen und sich dieser Meinung voll Überzeugung anschließen. Denn der Kammerchor Pesterwitz unter der Leitung von Anne Horenburg vollbrachte in seiner Auseinandersetzung mit Mozarts Messen-Torso in c-Moll (KV 427) eine wirklich gute Leistung, Dem Chor ist ein schöner, federnder Klang zu bescheinigen, sinnfälliges, klangliches und dynamisches Differenzierungsvermögen und Begeisterung für Mozart. Sicher &#8211; am Anfang störten die zur Schärfe neigenden Chorsoprane etwas. Das gab sich aber bald. Und so nahm in stimmlicher Homogenität und ordentlicher Intonation eine beeindruckende Mozart-Aufführung ihren Lauf, wobei man dem in diesem Werk sehr persönliche Kompositionsstil Mozarts voll gerecht wurde &#8211; faszinierend die Klangpracht des Gloria, die präzisen Akzente im machtvollen „Qui tollis&#8220;, die auf den Punkt getroffene. ausdrucksstarke Fuge „Cum Sancto Spiritu&#8220;.</p>
<p style="text-align: justify;">Aus heutiger Sicht ungleich verteilte Mozart die Wichtung beim Soloquartett &#8211; beide Herren (Falk Hoffmann und Ingolf Seidel) haben nur kurze Einsätze. Da aber bei der Uraufführung 1783 in Salzburgs St. Peter Mozarts frisch angetraute Gattin Konstanze den Sopranpart sang. ist die „Bevorzugung&#8220; dieser Stimmlage in der Messe nachvollziehbar. Christina Roterberg tummelte sich souverän in den Koloraturen des „Laudamus te&#8220;. Wie immer erwies sich Jana Reiner als sichere, stimmliche und gestalterische Bank. Der schönste Moment der ganzen Aufführung kam, als sie in trauter Harmonie mit den wundervollen Holzbläsern der Dresdner Kapellsolisten (Kury, Krauß, Schirlitz) innig und berührend das „Et incarnatus est&#8220; sang.</p>
<p style="text-align: justify;">Die Dresdner Kapellsolisten fungierten als geschmeidig und feinsinnig agierende, orchestrale Partner &#8211; unverzichtbar im Gesamtkonzept der Wiedergabe. Und auch ihre so sensibel ausgeleuchtete, kontrastreiche Interpretation von Corellis Concerto grosso op. 6 Nr. 8, dem Weihnachtskonzert, was natürlich am 4. Advent nicht fehlen durfte, gab dem Konzert in Pesterwitz Glanz und Klangschönheit. (M. Hanns)</p>

<p>Dresdner Neueste Nachrichten, 27.12.2012 Noch einmal Konzert des Kammerchores Pesterwitz und der Dresdner Kapellsolisten in der Jacobuskirche Irgendwie konnte man die gut hörbare Bemerkung des kleinen Mädchens „noch mal&#8230;&#8220; in die Stille nach der reich figurierten „Osanna&#8220;-Fuge gut verstehen und&#8230; <a class="read-more-button" href="https://www.kammerchorpesterwitz.de/?page_id=958">(MEHR LESEN)</a></p>
