{"id":977,"date":"2016-10-18T20:57:16","date_gmt":"2016-10-18T18:57:16","guid":{"rendered":"http:\/\/www.kammerchorpesterwitz.de\/?page_id=977"},"modified":"2016-11-15T20:23:02","modified_gmt":"2016-11-15T19:23:02","slug":"geistliche-musik-aus-osteuropa","status":"publish","type":"page","link":"https:\/\/www.kammerchorpesterwitz.de\/?page_id=977","title":{"rendered":"Geistliche Musik aus Osteuropa"},"content":{"rendered":"<h4>13. November 2016, 17 Uhr, St. Jakobuskirche Pesterwitz<\/h4>\n<hr \/>\n<p><img loading=\"lazy\" decoding=\"async\" class=\"alignleft size-full wp-image-983\" src=\"http:\/\/www.kammerchorpesterwitz.de\/wp-content\/uploads\/2016\/10\/plakat_2016_11.jpg\" alt=\"plakat_2016_11\" width=\"320\" height=\"447\" srcset=\"https:\/\/www.kammerchorpesterwitz.de\/wp-content\/uploads\/2016\/10\/plakat_2016_11.jpg 320w, https:\/\/www.kammerchorpesterwitz.de\/wp-content\/uploads\/2016\/10\/plakat_2016_11-215x300.jpg 215w\" sizes=\"auto, (max-width: 320px) 100vw, 320px\" \/>\u201eGeistliche Musik aus Osteuropa\u201c &#8211; vielleicht ist diese \u00dcberschrift etwas irref\u00fchrend, da die Werke dieses Konzertes ausschlie\u00dflich von Komponisten aus den westlich angrenzenden L\u00e4ndern Polen, Tschechien und Ungarn stammen, in denen die gegenseitige Beeinflussung von O\u0308stlichem und Westlichem nicht nur im Bereich der Musikgeschichte stets besonders lebhaft war&#8230;<br \/>\nIm Zentrum des Programms stehen Dvo\u0159\u00e1ks Biblische Lieder. Basierend auf Psalmtexten aus der tschechischen Bibel\u00fcbersetzung geben diese ein besonderes Zeugnis, wie Dvo\u0159\u00e1k auf dem H\u00f6hepunkt seiner Karriere zu seinen Wurzeln findet. Eingerahmt werden die Lieder von zwei selten zu h\u00f6renden spannenden orgelbegleiteten Chorwerken: Zolta\u0301n Koda\u0301lys Laudes Organi und das 1990 uraufgef\u00fchrte Prager Te Deum Petr Ebens. Zwei Motetten des polnischen Komponisten Henryk G\u00f3recki runden das Programm ab.<br \/>\nLob- und Danksagung und inniges Gebet \u2013 Lassen Sie sich musikalisch mitnehmen! Nach dem Konzert laden wir wie gewohnt noch zu einem Glas Pesterwitzer Wein ein. Wir freuen uns auf Sie!<\/p>\n<p>Britta Schwarz &#8211; Mezzosopran<br \/>\nChristine Hesse &#8211; Piano<br \/>\nMichael K\u00e4ppler &#8211; Orgel<br \/>\nGeorg Wieland Wagner &#8211; Schlagwerk<\/p>\n<h5><\/h5>\n<p>Gef\u00f6rdert durch den Kulturraum Mei\u00dfen-S\u00e4chsische Schweiz-Osterzgebirge und die Stadt Freital<\/p>\n","protected":false},"excerpt":{"rendered":"<p>13. November 2016, 17 Uhr, St. Jakobuskirche Pesterwitz \u201eGeistliche Musik aus Osteuropa\u201c &#8211; vielleicht ist diese \u00dcberschrift etwas irref\u00fchrend, da die Werke dieses Konzertes ausschlie\u00dflich von Komponisten aus den westlich angrenzenden L\u00e4ndern Polen, Tschechien und Ungarn stammen, in denen die&#8230; <a class=\"read-more-button\" href=\"https:\/\/www.kammerchorpesterwitz.de\/?page_id=977\">(MEHR LESEN)<\/a><\/p>\n","protected":false},"author":1,"featured_media":0,"parent":119,"menu_order":0,"comment_status":"closed","ping_status":"closed","template":"","meta":{"footnotes":""},"class_list":["post-977","page","type-page","status-publish","hentry"],"_links":{"self":[{"href":"https:\/\/www.kammerchorpesterwitz.de\/index.php?rest_route=\/wp\/v2\/pages\/977","targetHints":{"allow":["GET"]}}],"collection":[{"href":"https:\/\/www.kammerchorpesterwitz.de\/index.php?rest_route=\/wp\/v2\/pages"}],"about":[{"href":"https:\/\/www.kammerchorpesterwitz.de\/index.php?rest_route=\/wp\/v2\/types\/page"}],"author":[{"embeddable":true,"href":"https:\/\/www.kammerchorpesterwitz.de\/index.php?rest_route=\/wp\/v2\/users\/1"}],"replies":[{"embeddable":true,"href":"https:\/\/www.kammerchorpesterwitz.de\/index.php?rest_route=%2Fwp%2Fv2%2Fcomments&post=977"}],"version-history":[{"count":4,"href":"https:\/\/www.kammerchorpesterwitz.de\/index.php?rest_route=\/wp\/v2\/pages\/977\/revisions"}],"predecessor-version":[{"id":998,"href":"https:\/\/www.kammerchorpesterwitz.de\/index.php?rest_route=\/wp\/v2\/pages\/977\/revisions\/998"}],"up":[{"embeddable":true,"href":"https:\/\/www.kammerchorpesterwitz.de\/index.php?rest_route=\/wp\/v2\/pages\/119"}],"wp:attachment":[{"href":"https:\/\/www.kammerchorpesterwitz.de\/index.php?rest_route=%2Fwp%2Fv2%2Fmedia&parent=977"}],"curies":[{"name":"wp","href":"https:\/\/api.w.org\/{rel}","templated":true}]}}

<h4>13. November 2016, 17 Uhr, St. Jakobuskirche Pesterwitz</h4>
<hr />
<p><img loading="lazy" decoding="async" class="alignleft size-full wp-image-983" src="http://www.kammerchorpesterwitz.de/wp-content/uploads/2016/10/plakat_2016_11.jpg" alt="plakat_2016_11" width="320" height="447" srcset="https://www.kammerchorpesterwitz.de/wp-content/uploads/2016/10/plakat_2016_11.jpg 320w, https://www.kammerchorpesterwitz.de/wp-content/uploads/2016/10/plakat_2016_11-215x300.jpg 215w" sizes="auto, (max-width: 320px) 100vw, 320px" />„Geistliche Musik aus Osteuropa“ &#8211; vielleicht ist diese Überschrift etwas irreführend, da die Werke dieses Konzertes ausschließlich von Komponisten aus den westlich angrenzenden Ländern Polen, Tschechien und Ungarn stammen, in denen die gegenseitige Beeinflussung von Östlichem und Westlichem nicht nur im Bereich der Musikgeschichte stets besonders lebhaft war&#8230;<br />
Im Zentrum des Programms stehen Dvořáks Biblische Lieder. Basierend auf Psalmtexten aus der tschechischen Bibelübersetzung geben diese ein besonderes Zeugnis, wie Dvořák auf dem Höhepunkt seiner Karriere zu seinen Wurzeln findet. Eingerahmt werden die Lieder von zwei selten zu hörenden spannenden orgelbegleiteten Chorwerken: Zoltán Kodálys Laudes Organi und das 1990 uraufgeführte Prager Te Deum Petr Ebens. Zwei Motetten des polnischen Komponisten Henryk Górecki runden das Programm ab.<br />
Lob- und Danksagung und inniges Gebet – Lassen Sie sich musikalisch mitnehmen! Nach dem Konzert laden wir wie gewohnt noch zu einem Glas Pesterwitzer Wein ein. Wir freuen uns auf Sie!</p>
<p>Britta Schwarz &#8211; Mezzosopran<br />
Christine Hesse &#8211; Piano<br />
Michael Käppler &#8211; Orgel<br />
Georg Wieland Wagner &#8211; Schlagwerk</p>
<h5></h5>
<p>Gefördert durch den Kulturraum Meißen-Sächsische Schweiz-Osterzgebirge und die Stadt Freital</p>

<p>13. November 2016, 17 Uhr, St. Jakobuskirche Pesterwitz „Geistliche Musik aus Osteuropa“ &#8211; vielleicht ist diese Überschrift etwas irreführend, da die Werke dieses Konzertes ausschließlich von Komponisten aus den westlich angrenzenden Ländern Polen, Tschechien und Ungarn stammen, in denen die&#8230; <a class="read-more-button" href="https://www.kammerchorpesterwitz.de/?page_id=977">(MEHR LESEN)</a></p>
